{"id":8,"date":"2018-05-24T22:29:55","date_gmt":"2018-05-24T22:29:55","guid":{"rendered":"https:\/\/ers-computer.de\/?page_id=8"},"modified":"2018-05-25T00:26:16","modified_gmt":"2018-05-25T00:26:16","slug":"startseite","status":"publish","type":"page","link":"https:\/\/www.ers-computer.de\/","title":{"rendered":"Startseite"},"content":{"rendered":"<p>Willkommen auf dieser Website! Sch\u00f6n, dass Sie da sind.<\/p>\n<p>Im folgenden hoffen wir, dass Sie sich bei uns wohlf\u00fchlen und wir Ihnen die Informationen und L\u00f6sungen anbieten k\u00f6nnen, die Sie ben\u00f6tigen.<\/p>\n","protected":false},"excerpt":{"rendered":"<p>Willkommen auf dieser Website! Sch\u00f6n, dass Sie da sind. Im folgenden hoffen wir, dass Sie sich bei uns wohlf\u00fchlen und wir Ihnen die Informationen und L\u00f6sungen anbieten k\u00f6nnen, die Sie ben\u00f6tigen.<\/p>\n","protected":false},"author":1,"featured_media":0,"parent":0,"menu_order":0,"comment_status":"closed","ping_status":"closed","template":"","meta":{"footnotes":""},"class_list":["post-8","page","type-page","status-publish","hentry"],"_links":{"self":[{"href":"https:\/\/www.ers-computer.de\/index.php\/wp-json\/wp\/v2\/pages\/8","targetHints":{"allow":["GET"]}}],"collection":[{"href":"https:\/\/www.ers-computer.de\/index.php\/wp-json\/wp\/v2\/pages"}],"about":[{"href":"https:\/\/www.ers-computer.de\/index.php\/wp-json\/wp\/v2\/types\/page"}],"author":[{"embeddable":true,"href":"https:\/\/www.ers-computer.de\/index.php\/wp-json\/wp\/v2\/users\/1"}],"replies":[{"embeddable":true,"href":"https:\/\/www.ers-computer.de\/index.php\/wp-json\/wp\/v2\/comments?post=8"}],"version-history":[{"count":2,"href":"https:\/\/www.ers-computer.de\/index.php\/wp-json\/wp\/v2\/pages\/8\/revisions"}],"predecessor-version":[{"id":48,"href":"https:\/\/www.ers-computer.de\/index.php\/wp-json\/wp\/v2\/pages\/8\/revisions\/48"}],"wp:attachment":[{"href":"https:\/\/www.ers-computer.de\/index.php\/wp-json\/wp\/v2\/media?parent=8"}],"curies":[{"name":"wp","href":"https:\/\/api.w.org\/{rel}","templated":true}]}}